16 = -2*r - 3*r, 4*r + 4*p - 32 = 0. What is the units digit of q(r)?
4
Suppose -6*s - 540 = -11*s. What is the units digit of s?
8
Suppose 3*n = 4*n - 136. What is the tens digit of n?
3
Suppose 2*q + 2 = q. What is the units digit of (q - (-16)/3)*3?
0
Let v(c) = 17*c**2 - 2*c - 6. What is the units digit of v(-3)?
3
Let y(b) be the second derivative of -b**3/3 - 3*b. What is the units digit of y(-2)?
4
Let k(y) = y**2 - 4. Let w be k(0). Let t = w - -6. What is the units digit of t?
2
Let q = -24 - -3. Let j = 16 - 25. Let x = j - q. What is the units digit of x?
2
Let i be (-2 + (-5)/(-3))*9. Let s(z) = 2*z**2 - 5*z - 3. Let h be s(i). Suppose 0 = 2*o + 2*o - 12, 0 = -2*x - 2*o + h. What is the units digit of x?
2
Let l(n) be the second derivative of n**3/2 - 9*n**2/2 - n. What is the tens digit of l(9)?
1
Let i = 1 + 11. What is the tens digit of i?
1
Suppose -2*x - 1 = -5. Let h(t) = -t - 7 - x + 3*t. What is the units digit of h(6)?
3
Let t = 9 - 2. Suppose 6*k + t = 337. What is the tens digit of k?
5
Let o(r) be the first derivative of -r**4/4 + 3*r**3 + 3*r**2/2 + r - 2. What is the units digit of o(9)?
8
Let b(w) = -5*w + 4. Let q(n) = 8*n - 6. Let l(z) = 7*b(z) + 5*q(z). What is the units digit of l(4)?
8
Let t(u) = -11*u**2 - 7. Let p(j) = 11*j**2 + 6. Let d(l) = 3*p(l) + 2*t(l). What is the tens digit of d(2)?
4
Suppose 3*g + 7 = 1. What is the units digit of ((-1)/g)/(2/44)?
1
Suppose 5*i - 35 = -g + 7, 3*g = -3*i + 138. What is the units digit of g?
7
What is the tens digit of 26*((-6)/(-2))/6?
1
Suppose l + 70 = 3*l. What is the units digit of l?
5
Let l = -25 + 35. Suppose -14*z + l*z = -100. What is the units digit of z?
5
Suppose r - 3 = 5*h, -r - h + 15 = -0. Let y(v) = v**2 + v. Let x be y(-2). Suppose 0 = 3*j - u - 7 - r, -x*u - 10 = 0. What is the units digit of j?
5
Let k(a) = -a**2 - 2*a + 2. Suppose -n + 8 = -5*n. What is the units digit of k(n)?
2
Let u(w) = w**2 + 5*w - 9. Let q(d) = -3*d**2 - 16*d + 26. Let a(b) = 3*q(b) + 8*u(b). What is the tens digit of a(-7)?
1
Let s = -139 - -231. Suppose -3*n + 2*n + 5*u = -61, -4*u - s = -2*n. What is the tens digit of n?
3
Let z = 102 + -40. What is the tens digit of z?
6
Let l be 17/(2 - (-2 - -3)). Suppose -a + l + 2 = 0. What is the units digit of a?
9
Suppose 9*x - 134 = 7*x. What is the tens digit of x?
6
Suppose 0 = -3*s - q + 6, -s = s + 4*q + 6. Suppose w = s*u + u - 10, w = -u. What is the units digit of 16 - -2*1/u?
7
Let j(u) = 8*u**2 - 20*u + 6. Let s(o) = o**2 - o. Let q(p) = -j(p) + 10*s(p). What is the units digit of q(-6)?
6
What is the tens digit of 3 + 115*9*(-1)/(-5)?
1
Let n(d) = 12*d - 9. What is the tens digit of n(10)?
1
Suppose 0 = 5*z - 4 - 26. Suppose z = -4*q + 7*q. Suppose 0 = -q*g + 39 - 9. What is the units digit of g?
5
Suppose -5*w + 17 + 8 = 0. Let x be 3 + -1 - 20/(-5). Suppose r - x*r = -w. What is the units digit of r?
1
Let h be (-14)/(-4) - (-3)/6. Suppose h*p + 11 = -5. What is the units digit of (14/p)/(2/(-4))?
7
Let i(b) = 2 - 9*b**2 + 3*b**2 + 3 - b**3. What is the units digit of i(-6)?
5
Suppose 4*y - 18 - 10 = 0. What is the units digit of y?
7
Let k(h) = 7*h - 1. Let c be k(3). Suppose -4*l + 2*n + 14 = -c, 0 = -4*l - n + 37. What is the units digit of l?
9
Let n(k) = 2 - 3*k + 0*k + 2*k - k**2. Let x be n(-2). Suppose x = 5*t - 17 - 28. What is the units digit of t?
9
Let o be 2/(-5) + 822/30. Let a = o - -15. What is the units digit of a?
2
What is the units digit of (-3 - 1 - -1) + 40?
7
What is the hundreds digit of (-35)/14*568/(-10)?
1
Let p be (-128)/24*6/4. Let v = 2 - p. What is the units digit of v?
0
Suppose 4*r = 4*j + 240, -2*r + 2*j + 61 = -r. What is the tens digit of r?
5
Let i(q) = -q**2 + 8*q - 8. Let g be i(7). Let p be (4 - 0/(-3))/g. Let c(w) = -4*w - 3. What is the tens digit of c(p)?
1
Suppose -4*v + 908 = -3*b, -v - 2*b - 22 = -249. What is the units digit of v?
7
Suppose 2*c - 89 = t, -2*t - 148 - 74 = -5*c. Suppose 3*o - c = -5. What is the tens digit of o?
1
Let j(o) = o**2 + 5*o - 10. Let k be j(-7). Suppose 18 = 3*h - l - 10, -3*l - 39 = -k*h. What is the units digit of h?
9
Let v = 90 + 26. Let d = v - 77. What is the tens digit of d?
3
Suppose -4*t = -0*t - 20. Let g = -3 + t. What is the units digit of g?
2
Let u be (-2 - -3) + (0 - -2). Let y = 4 + -3. Suppose -u*r - y = -10. What is the units digit of r?
3
Suppose 4*b - 3*b = 248. What is the units digit of b?
8
Let j(k) = -k**2 - 10*k + 13. Let p = -24 - -14. What is the units digit of j(p)?
3
Let q(p) = -p**2 - 26 + 21 + 4*p**2 - 2*p**2 + 4*p. Suppose -2*v - 2*v = 24. What is the units digit of q(v)?
7
Let c be (-1)/2*(-1 - 29). Let x(h) = 2*h + 13. What is the tens digit of x(c)?
4
What is the tens digit of ((-132)/48)/((-1)/4)?
1
Let t be (-1)/(-1 + 6/4). What is the tens digit of (-5)/(25/t)*35?
1
Suppose -s - 1 = -3. Suppose 3*q - 3*m - s*m - 27 = 0, -5 = q + 3*m. Suppose -2*w - 32 = -5*p, -5*w + q = p + 3. What is the units digit of p?
6
Let t(x) = -x**2 + 7*x - 1. Let f = -7 - -13. Let q be t(f). Suppose -4 = 4*p - 6*p - 4*m, 0 = -q*p + 3*m + 36. What is the units digit of p?
6
What is the tens digit of (-234)/(-14) + (-22)/(-77)?
1
Let z = -1 + 3. Suppose 0*v - 2 = z*v. What is the units digit of (3 - 2)*(v - -2)?
1
Let r be 6 + (-6)/3 + -3. Let s(b) = 3*b**2 - 3*b**2 + 8 - b**2 + 8*b - r. What is the units digit of s(8)?
7
Let h = -2 + 5. Let k be -3 + h - 4/2. What is the units digit of -14*3/12*k?
7
What is the units digit of ((-12)/3 + -2)/(-1)?
6
Suppose -4*u + 5*y = -1449, -3*u - y = -808 - 255. What is the tens digit of u?
5
Suppose b = -4*x + 26, -3*x - 3*b - 13 = -4*x. Let n = -3 + x. What is the units digit of n?
4
Let d be -1*4 - (-14)/2. Suppose -2*n + d*n = 34. What is the tens digit of n?
3
Suppose -5*d + 0*d + 60 = 0. What is the tens digit of d?
1
Let s = -50 - 20. Let o = -42 - s. Suppose w - 5*w - 4*t + o = 0, -5*w + 35 = 3*t. What is the units digit of w?
7
Suppose 2*i = 10 - 4. Suppose w + 9 = i*j, 4*w = 5*w - j + 3. Suppose -4*u + 50 - 2 = w. What is the tens digit of u?
1
Let r(o) = -o**2 - 5*o. Let c be -3 - ((-4)/(-4) + 0). What is the units digit of r(c)?
4
Let y(o) = 98*o**2 + 2*o + 2. What is the units digit of y(-1)?
8
Let x = 11 + -4. Let h = 14 - x. What is the units digit of h?
7
Suppose 0*r - 3*r + 9 = 0. Let h be (r/2)/(6/(-56)). Let v = 24 + h. What is the units digit of v?
0
Let a = -14 - -16. Suppose 0 = -5*t + 5*d, 0 = 3*t + a*t - 4*d - 5. What is the units digit of t?
5
Let q(r) = r - 9. Let t be q(10). Suppose w - t + 2 = 3*v, -3*w + 21 = 3*v. What is the units digit of v?
2
Let x(c) = -c**3 + 7*c**2 - 4*c - 7. Suppose -18 = -2*g - g. What is the units digit of x(g)?
5
Suppose u + 3*u = 12. Suppose -3*h = u - 24. What is the units digit of h?
7
Let z be (-1 - -19) + 0/2. Let n be 168/z + 2/(-6). What is the units digit of n*(-3 - -1)/(-6)?
3
Suppose g = c - 4 + 3, 5*g + 37 = -3*c. Let n be 4/(-8) - 2/c. Suppose j + 0*j + 21 = 3*o, -2*o - 5*j - 3 = n. What is the units digit of o?
6
Suppose 327 + 283 = 5*q. What is the tens digit of q?
2
Suppose -4*h = -4*m + 20, 2*h - 9 = -3*m + 7*h. What is the units digit of m?
8
Let o(w) = -w**2 + 9*w - 1 - 3*w + 0 - 10*w. Let f be o(-3). Suppose 5 = -f*h - h - 4*u, 4*u + 20 = 0. What is the units digit of h?
5
Suppose 2*i - 190 = 5*h - 0*h, 12 = -3*h. What is the tens digit of i?
8
Let v = -2 - -14. Suppose 4*a = -0 + v. What is the units digit of a?
3
Let v(z) = -2*z - 8. Let p be v(-6). Suppose -12 = 2*k - 2*n, p*k + 2*n - 4*n + 28 = 0. Let x(d) = d + 14. What is the units digit of x(k)?
6
Let q = 448 - 203. What is the hundreds digit of q?
2
Let i(u) = u**3 - 4*u**2 + 3*u + 4. Let f be i(3). Suppose 3*r + 15 = -2*r, 22 = -f*t + 2*r. Let v = t + 12. What is the units digit of v?
5
Suppose -2*b = b + 87. Let a be -1 + (-44 - (-9)/3). Let r = b - a. What is the tens digit of r?
1
Suppose 0 = 2*k - 9*k + 777. What is the units digit of k?
1
Suppose 3*j + 2*j = 0. Suppose h - 5*i - 32 = j, -6*h + i + 28 = -4*h. What is the tens digit of h?
1
Suppose -2*q = q - 33. What is the tens digit of q?
1
Let l(u) = -3*u**3 - u**2 + 2*u - 2. What is the tens digit of l(-3)?
6
Let i(n) = -n**2 + 57. What is the units digit of i(0)?
7
Let z(w) = -w**2 + 3*w - 1. Let o b